nder when 3254034 is divided by 3253871?
163
Calculate the remainder when 21262049 is divided by 60.
29
What is the remainder when 17208 is divided by 3215?
1133
What is the remainder when 4079 is divided by 2019?
41
Calculate the remainder when 54777 is divided by 209.
19
What is the remainder when 998585 is divided by 1471?
1247
Calculate the remainder when 576214 is divided by 57620.
14
What is the remainder when 128945075 is divided by 7919?
7917
What is the remainder when 591413 is divided by 147710?
573
What is the remainder when 176123 is divided by 1941?
1433
What is the remainder when 55156155 is divided by 27578076?
3
Calculate the remainder when 2546885 is divided by 150.
35
What is the remainder when 805720 is divided by 632?
552
What is the remainder when 27636112 is divided by 1221?
1219
Calculate the remainder when 602486 is divided by 120120.
1886
What is the remainder when 45959561 is divided by 1964?
1961
What is the remainder when 16820241 is divided by 48334?
9
What is the remainder when 5500 is divided by 5013?
487
What is the remainder when 3470392 is divided by 1156645?
457
What is the remainder when 1851221 is divided by 154267?
17
Calculate the remainder when 1207541 is divided by 603764.
13
What is the remainder when 35238365 is divided by 75135?
50
What is the remainder when 29583 is divided by 29490?
93
What is the remainder when 393920 is divided by 393870?
50
What is the remainder when 424974 is divided by 21242?
134
What is the remainder when 134286836 is divided by 90?
86
What is the remainder when 236258 is divided by 334?
120
What is the remainder when 3492009 is divided by 698400?
9
What is the remainder when 7915787 is divided by 82?
81
What is the remainder when 168473 is divided by 207?
182
Calculate the remainder when 28525212 is divided by 146283.
27
What is the remainder when 267666 is divided by 1537?
228
Calculate the remainder when 6678681 is divided by 54298.
27
Calculate the remainder when 41822 is divided by 626.
506
What is the remainder when 120233101 is divided by 30058273?
9
What is the remainder when 520240 is divided by 6?
4
What is the remainder when 554468 is divided by 78985?
1573
Calculate the remainder when 12834498 is divided by 12834486.
12
What is the remainder when 378900 is divided by 539?
522
Calculate the remainder when 233977 is divided by 57616.
3513
What is the remainder when 218876 is divided by 43298?
2386
Calculate the remainder when 2233735 is divided by 8.
7
What is the remainder when 1269270574 is divided by 7571?
7566
What is the remainder when 7941329 is divided by 2647097?
38
What is the remainder when 628176 is divided by 913?
32
Calculate the remainder when 4023753 is divided by 229.
223
Calculate the remainder when 308099 is divided by 302201.
5898
What is the remainder when 19225655 is divided by 12?
11
Calculate the remainder when 503940 is divided by 7876.
7752
Calculate the remainder when 4785026 is divided by 1178.
1168
What is the remainder when 74670 is divided by 4691?
4305
What is the remainder when 1443232 is divided by 1646?
1336
Calculate the remainder when 4470515 is divided by 493.
484
What is the remainder when 898773 is divided by 535?
508
Calculate the remainder when 97470306 is divided by 356.
354
Calculate the remainder when 10812958 is divided by 577.
555
What is the remainder when 188549728 is divided by 18?
16
What is the remainder when 183999 is divided by 3407?
21
Calculate the remainder when 13465110 is divided by 60928.
22
Calculate the remainder when 621935 is divided by 147.
125
Calculate the remainder when 157152 is divided by 1363.
407
What is the remainder when 107683 is divided by 1539?
1492
Calculate the remainder when 4876 is divided by 251.
107
Calculate the remainder when 15819 is divided by 1062.
951
What is the remainder when 13622092 is divided by 194?
188
What is the remainder when 2888434 is divided by 10738?
10650
Calculate the remainder when 41545416 is divided by 57.
54
What is the remainder when 262410 is divided by 1301?
909
What is the remainder when 158080 is divided by 39500?
80
What is the remainder when 39653431 is divided by 705?
1
Calculate the remainder when 126464 is divided by 108.
104
What is the remainder when 347884 is divided by 1474?
20
What is the remainder when 78979 is divided by 39466?
47
What is the remainder when 4780449 is divided by 8969?
8941
Calculate the remainder when 3649408 is divided by 1737.
1708
Calculate the remainder when 254964 is divided by 84982.
18
Calculate the remainder when 3691 is divided by 1844.
3
Calculate the remainder when 2602329 is divided by 10843.
9
What is the remainder when 110691 is divided by 614?
171
Calculate the remainder when 754966 is divided by 377138.
690
What is the remainder when 6310327 is divided by 396?
67
Calculate the remainder when 3476308 is divided by 204488.
12
What is the remainder when 176468556 is divided by 467?
464
What is the remainder when 122096 is divided by 6221?
3897
What is the remainder when 691929279 is divided by 515?
514
Calculate the remainder when 13743699 is divided by 20.
19
What is the remainder when 14682 is divided by 14502?
180
What is the remainder when 185756 is divided by 33?
32
What is the remainder when 2302186 is divided by 26769?
52
Calculate the remainder when 361148 is divided by 180285.
578
What is the remainder when 5717106 is divided by 43?
41
Calculate the remainder when 3849117 is divided by 2405.
1117
Calculate the remainder when 1408096 is divided by 66901.
3175
Calculate the remainder when 11442 is divided by 2603.
1030
What is the remainder when 21869 is divided by 7226?
191
What is the remainder when 15172335 is divided by 58355?
35
What is the remainder when 5945618 is divided by 63?
56
Calculate the remainder when 562440 is divided by 26764.
396
What is the remainder when 57253390 is divided by 12?
10
What is the remainder when 6443273 is divided by 98?
67
Calculate the remainder when 165717 is divided by 158.
133
What is the remainder when 26143 is divided by 25853?
290
Calculate the remainder when 10439023 is divided by 52.
23
What is the remainder when 942127 is divided by 6239?
38
What is the remainder when 200948 is divided by 6457?
781
Calculate the remainder when 4331045 is divided by 44193.
131
Calculate the remainder when 15387602 is divided by 413.
48
Calculate the remainder when 7476 is divided by 6128.
1348
Calculate the remainder when 250047 is divided by 523.
53
What is the remainder when 7561399 is divided by 2455?
2454
Calculate the remainder when 7188763 is divided by 1055.
1048
What is the remainder when 678285 is divided by 896?
13
Calculate the remainder when 1772653 is divided by 143.
25
What is the remainder when 52725339 is divided by 317?
314
Calculate the remainder when 47435 is divided by 5190.
725
Calculate the remainder when 8808 is divided by 733.
12
What is the remainder when 407584 is divided by 1322?
408
What is the remainder when 319984 is divided by 318038?
1946
What is the remainder when 408140 is divided by 3164?
3148
Calculate the remainder when 22647300 is divided by 2.
0
What is the remainder when 4097120 is divided by 3974?
3900
Calculate the remainder when 1018090 is divided by 63630.
10
What is the remainder when 27852232 is divided by 34?
10
What is the remainder when 13580427 is divided by 49?
28
What is the remainder when 85348472 is divided by 4465?
4462
What is the remainder when 14445784 is divided by 2929?
2885
Calculate the remainder when 13975551 is divided by 42.
9
Calculate the remainder when 990547 is divided by 1123.
61
Calculate the remainder when 17025694 is divided by 1116.
1114
What is the remainder when 257175359 is divided by 3863?
3860
Calculate the remainder when 15874273 is divided by 15874224.
49
Calculate the remainder when 110829 is divided by 116.
49
What is the remainder when 548414 is divided by 5961?
2
What is the remainder when 4792971 is divided by 385?
106
Calculate the remainder when 983086 is divided by 24.
22
What is the remainder when 2355340 is divided by 336462?
106
Calculate the remainder when 338219493 is divided by 60.
33
What is the remainder when 2378964 is divided by 19?
12
Calculate the remainder when 20631229 is 